the highest common divisor of 90 and s.
18
Let x be (13/26)/(1*(-1)/(-124)). Calculate the greatest common divisor of 310 and x.
62
Let f(y) = -y**2 + 7*y. Let b be f(3). Let j = -18 + 54. Calculate the greatest common divisor of j and b.
12
Suppose 2*t - 139 = 1. Let l = 3 + 2. Suppose -5*j = -l*h - t, 4*j + 2*h - 12 = 44. What is the greatest common divisor of 98 and j?
14
Suppose 3*l + 62 + 97 = 2*s, 5*l - 2*s + 265 = 0. Let b = l + 174. What is the greatest common factor of 11 and b?
11
Suppose -v + 2*k = -2*v + 22, 3*k - 41 = -2*v. What is the highest common divisor of v and 16?
16
Let b = 9 + 35. Let w be 2/(-3) + b/3. Calculate the greatest common factor of 98 and w.
14
Let y be ((-32)/(-6))/((-5)/(-165)). Let k = -88 + y. What is the highest common divisor of k and 11?
11
Let c be 1*1/(1/3). Let j be 28 + (-2)/(-3)*c. Let v = -9 - -15. What is the highest common factor of j and v?
6
Let g(f) = -3*f + 1. Suppose 3*s - 21 + 57 = -4*d, -9 = d + 4*s. Let u be g(d). Calculate the greatest common divisor of 70 and u.
14
Let a = 13 - 12. Let f = a + 5. What is the highest common divisor of 30 and f?
6
Let i(h) = h**3 - 5*h**2 + 2*h + 6. Let l be i(5). Calculate the highest common divisor of 64 and l.
16
Suppose v = 10 + 16. What is the highest common factor of v and 13?
13
Let p be -1 - (1 + (1 - 1)). Let t = p - -6. What is the greatest common divisor of t and 2?
2
Suppose 0 = -4*b + 4*f + 208, -5*f + 188 = 4*b - b. Calculate the highest common factor of 8 and b.
8
Let i be ((-2)/5)/(4/(-560)). What is the greatest common divisor of i and 14?
14
Suppose -45 = -3*j - 2*k, -3*j - 3*k - 16 = -58. Calculate the highest common divisor of j and 153.
17
Suppose 2*s - 19 = -3*d, 2*s - 3 - 18 = -5*d. Let f be 1/(-2) + 220/s. Suppose -3*z = -f - 30. What is the greatest common factor of 19 and z?
19
Let q = 2 + 21. Suppose -q - 12 = i + 3*r, 0 = -3*i + r - 125. Let t = i + 90. Calculate the highest common factor of t and 7.
7
Let h be (-2)/6 + (-104)/(-6). Suppose -5 + h = 4*s. What is the greatest common factor of 24 and s?
3
Let t = 14 - 8. Suppose 2*p = t*p - 76. Suppose -1 = 3*w - p. What is the greatest common factor of 24 and w?
6
Let x = 107 + -93. Suppose -4*f = 16, 0*j + 5*j = 5*f + 90. Calculate the highest common divisor of j and x.
14
Let p(n) = -n**3 + 6*n**2 + n - 2. Suppose t + 10 = 2*v, -2*v + 4*t + 1 = -15. Let x be p(v). Calculate the highest common factor of 85 and x.
17
Let u be (-1)/(-2) - 194/(-4). Let s(l) = -l**2 - 7*l + 9. Let w be s(-7). Let x be ((-12)/w + 1)*-21. What is the highest common factor of u and x?
7
Let d = 37 - 20. Suppose -d - 15 = -4*x. Let u = 16 - x. Calculate the highest common factor of 64 and u.
8
Suppose -w - 4 = 8. Let t be (w/7)/(4/(-42)). Calculate the greatest common factor of t and 54.
18
Let h be (8/1)/(6/39). What is the greatest common divisor of h and 13?
13
Suppose 0 = -10*y + 4*y + 288. What is the highest common factor of y and 32?
16
Suppose 0 = -5*l + 2*f + 156, 9*l - 4*l = -5*f + 135. What is the greatest common factor of l and 6?
6
Let m be 8/(-10)*(-75)/10. What is the greatest common divisor of 3 and m?
3
Suppose -y = -4*y + 18. Let m be 6/y*(92 - 0). Suppose 240 = 2*w + 3*w - 3*b, m = 2*w - 2*b. Calculate the greatest common divisor of w and 17.
17
Let x be (-27 - -4)/(1/4). Let n be x/(-9) - 4/18. Calculate the highest common divisor of n and 15.
5
Suppose -4*p - 32 + 152 = 0. Calculate the highest common divisor of p and 12.
6
Suppose 2*x - 25 = -5. Let y be (x - 1)/3 + 48. What is the greatest common divisor of 17 and y?
17
Let a be 562 + 4/(0 - 2). Let c = a + -387. Suppose 0 = -4*h + 2*s + 310, -3*h + c = -2*s - 60. What is the highest common divisor of h and 7?
7
Let v = 70 - 6. Calculate the greatest common divisor of 8 and v.
8
Let a = 5 - 7. Let x be (-1)/(-2)*804/a. Let s be x/(-6) - (-1)/2. What is the highest common factor of 17 and s?
17
Let w = 0 + 5. Suppose w*k - k - 24 = 0. What is the highest common divisor of k and 54?
6
Suppose -4*m - 200 = -5*n, -4*n + 160 = -m - 0*m. Suppose 30 = 5*y + 2*t, -3*t + 47 = 4*y - 6*t. What is the greatest common divisor of y and n?
8
Let y(n) = n**2 + 7*n - 4. Let m be y(-8). Let x = 7 - -4. Let q be 3/(3/x) + 1. What is the greatest common factor of m and q?
4
Suppose 0 = 3*t + 2*o + 8 - 2, 5*t + o = -17. Let z be 34*(-2 - (t + 0)). Suppose 292 = 5*h - z. Calculate the highest common divisor of 9 and h.
9
Suppose -4*u + 7 = 3*u. Suppose 28 + 5 = 3*o. Calculate the greatest common divisor of o and u.
1
Let r be (-13)/(-6) - 12/72. What is the highest common divisor of 22 and r?
2
Suppose 3*t - 438 = 4*k, -5*k - 4*t + 25 = 588. Let y = k + 48. Let f = -11 - y. Calculate the greatest common divisor of 13 and f.
13
Let j(f) = -f**2 - 5*f - 3. Let k be j(-4). Let z = k + -15. Let l = 28 + z. Calculate the highest common divisor of l and 14.
14
Let n = 2 + -1. Let r be -1 - (-5)/(10/16). What is the greatest common factor of r and n?
1
Let w be -11 - 2/(-1) - 1. Let q be 1*10/(-4)*w. Suppose q + 38 = d. What is the greatest common factor of d and 9?
9
Suppose -96 = -6*v - 2*v. What is the greatest common divisor of 132 and v?
12
Let o = -2 + 10. Suppose 0*n - 5*n - 3*c = 35, -n + c = -1. Let z be n/(-2)*3/6. What is the highest common factor of o and z?
1
Suppose 0 = -u - 0*u + 70. Let w(b) = -2*b - 5. Let f be w(-4). Let a(j) = j**3 - j**2 - 4*j + 4. Let z be a(f). What is the greatest common factor of z and u?
10
Let j = -3 + 15. What is the highest common divisor of 12 and j?
12
Suppose 372 = 3*x - 2*p - 131, -5*p - 185 = -x. Calculate the highest common divisor of x and 66.
33
Suppose -153 = 3*p - 36. Let k = -26 - p. Let f(r) = 4*r**2 - 5*r - 8. Let l be f(-5). Calculate the highest common factor of k and l.
13
Let r be (6/8)/(3/180). Calculate the highest common factor of 9 and r.
9
Let a be -10*13*1/(-2). Suppose 0 = -c - 5*x + 113 + 2, c = 5*x + a. Calculate the highest common factor of 18 and c.
18
Let m = 15 + -13. Let q be 13 - 3/(m + 1). Calculate the highest common factor of 24 and q.
12
Suppose -5*s + 53 = -22. Suppose 6 = -3*o + s. Suppose 0 = -5*b + o*b + 144. What is the greatest common factor of b and 9?
9
Suppose 3*x - 5*x = -16. Suppose -u = -4*v - x, 5*u - 46 = 2*v + 48. What is the greatest common factor of u and 30?
10
Suppose -6*p + 4*o = -5*p + 4, 5*o + 16 = 3*p. Suppose -x = -2*x + p. Calculate the highest common factor of 6 and x.
6
Suppose 224 = 10*m - 2*m. What is the greatest common factor of m and 7?
7
Suppose y = 2*z - 4, 3*y + 4 = 4*z - 0. Suppose -120 = -5*l - 5*p, -1 = -z*l + 5*p + 77. Calculate the highest common factor of 22 and l.
22
Suppose -2*i - 18 = -5*i + 2*r, 0 = -4*i - 2*r + 24. What is the highest common factor of 30 and i?
6
Let u(w) = -w + 33. Let b be u(0). Calculate the greatest common factor of b and 3.
3
Suppose -2*i + 5 = -7. Suppose -i*s + 3*s = -18. Calculate the highest common divisor of s and 9.
3
Suppose 5*w - w = 16. Suppose -4*p = -11 - 9. Suppose -m + 17 = w*r - 3, -m - p = -r. Calculate the greatest common divisor of 45 and r.
5
Let r = 116 + -106. What is the highest common divisor of r and 80?
10
Let d(u) = -10*u**3 + u**2 + u - 2. Let v be d(1). Let t be (-2)/((-8)/v)*-48. What is the greatest common divisor of t and 48?
24
Let n be 118/2 + (5 - 7). What is the highest common factor of n and 38?
19
Let p(x) = 3*x**2 + 7*x - 2. Suppose -4*f = 3*g - 2*g + 26, -4*g - 8 = 0. Let q be p(f). Let i = 1 + 7. Calculate the greatest common factor of q and i.
8
Suppose -848 = -3*t + 5*v - 0*v, 0 = 3*v - 6. Calculate the highest common divisor of 26 and t.
26
Suppose -5*p = y + 3, -2*p - 2*y = -4*y - 6. Suppose p = -g + 7. What is the highest common factor of 56 and g?
7
Let s be (21/(-6))/((-1)/2). Let i be s/(-35) + 31/5. What is the highest common factor of 66 and i?
6
Suppose -4*o = 5*r - 74, 5*o - 2*o = -r + 17. What is the greatest common divisor of 126 and r?
14
Let p be (-194)/(-18) - 2/(-9). Let i = -2 + p. Suppose q - 40 = 32. Calculate the greatest common factor of q and i.
9
Let w = -4 - 0. Let f be (3 - (-8)/w) + 5. Calculate the highest common factor of f and 18.
6
Suppose 0 = 2*r - 33 + 9. Suppose 2*g - 2 = 4. What is the greatest common divisor of g and r?
3
Let r be 